{"id":229,"date":"2023-09-04T20:15:17","date_gmt":"2023-09-04T20:15:17","guid":{"rendered":"https:\/\/geoisteaching.com\/?page_id=229"},"modified":"2025-02-21T10:33:09","modified_gmt":"2025-02-21T10:33:09","slug":"pagina-principala","status":"publish","type":"page","link":"https:\/\/geoisteaching.com\/?page_id=229&lang=ro","title":{"rendered":"Pagin\u0103 Principal\u0103"},"content":{"rendered":"<p>Dac\u0103 \u00ee\u021bi plac lec\u021biile mele \u0219i vrei s\u0103 m\u0103 sus\u021bii, \u00eemi po\u021bi oferi o cafea virtual\u0103 aici: <a href=\"https:\/\/buymeacoffee.com\/georgiana20\">Buy Me a Coffee<\/a> \u2615.<\/p>","protected":false},"excerpt":{"rendered":"<p>Dac\u0103 \u00ee\u021bi plac lec\u021biile mele \u0219i vrei s\u0103 m\u0103 sus\u021bii, \u00eemi po\u021bi oferi o cafea virtual\u0103 aici: Buy Me a Coffee \u2615.<\/p>\n","protected":false},"author":1,"featured_media":0,"parent":0,"menu_order":0,"comment_status":"closed","ping_status":"closed","template":"","meta":{"om_disable_all_campaigns":false,"pmpro_default_level":"","_monsterinsights_skip_tracking":false,"_monsterinsights_sitenote_active":false,"_monsterinsights_sitenote_note":"","_monsterinsights_sitenote_category":0,"_uf_show_specific_survey":0,"_uf_disable_surveys":false,"footnotes":""},"class_list":["post-229","page","type-page","status-publish","hentry","pmpro-has-access"],"aioseo_notices":[],"jetpack_sharing_enabled":true,"_links":{"self":[{"href":"https:\/\/geoisteaching.com\/index.php?rest_route=\/wp\/v2\/pages\/229","targetHints":{"allow":["GET"]}}],"collection":[{"href":"https:\/\/geoisteaching.com\/index.php?rest_route=\/wp\/v2\/pages"}],"about":[{"href":"https:\/\/geoisteaching.com\/index.php?rest_route=\/wp\/v2\/types\/page"}],"author":[{"embeddable":true,"href":"https:\/\/geoisteaching.com\/index.php?rest_route=\/wp\/v2\/users\/1"}],"replies":[{"embeddable":true,"href":"https:\/\/geoisteaching.com\/index.php?rest_route=%2Fwp%2Fv2%2Fcomments&post=229"}],"version-history":[{"count":2,"href":"https:\/\/geoisteaching.com\/index.php?rest_route=\/wp\/v2\/pages\/229\/revisions"}],"predecessor-version":[{"id":1145,"href":"https:\/\/geoisteaching.com\/index.php?rest_route=\/wp\/v2\/pages\/229\/revisions\/1145"}],"wp:attachment":[{"href":"https:\/\/geoisteaching.com\/index.php?rest_route=%2Fwp%2Fv2%2Fmedia&parent=229"}],"curies":[{"name":"wp","href":"https:\/\/api.w.org\/{rel}","templated":true}]}}